-58 = -3*q + 5*b. Calculate the greatest common divisor of l and q.
16
Suppose 0 = 2*r - 4*o - 16, 25 + 39 = 3*r + 4*o. Suppose -2*c = -3*u - 256, 5*c + 0*u = u + 640. Calculate the highest common factor of c and r.
16
Let v = 23 + -29. Let y be (-57)/v + (-3)/(-6). Calculate the greatest common factor of y and 25.
5
Let l = 37 + 71. Let h be (-4)/2*-4*5. Suppose -5*r = -4*g - h, 0 = 2*g + 3*g - 25. Calculate the greatest common divisor of r and l.
12
Suppose 2 + 14 = 4*l. Let y(b) = b**3 - 3*b**2 - 2*b. Let v be y(l). What is the greatest common divisor of 8 and v?
8
Let j = -5 + 5. Suppose -4*k + 9*k = 2*z + 447, 4*k + z - 368 = j. Suppose 4*u + u + p = k, 5*p + 1 = -u. Calculate the highest common divisor of 38 and u.
19
Let p = 10 + -7. Let i be 13 + 1 + -3 - p. Calculate the highest common factor of 64 and i.
8
Suppose 5*c - 21 = -r - 6, -4*c + 21 = -r. Suppose -c*x + v = -4 - 2, -4*v = 5*x + 3. Let y be (45/3)/x - 0. What is the highest common factor of 30 and y?
15
Let m(p) be the first derivative of -p**4/4 + 7*p**3/3 - p**2/2 - 6*p - 2. Let t be m(6). Calculate the highest common factor of 216 and t.
24
Let p(q) = -q**3 + 2*q**2 - q + 20. Let c be p(0). What is the highest common divisor of c and 4?
4
Let s be (-40)/((20/5)/(-8)). What is the highest common divisor of s and 32?
16
Let q(h) = 5*h - 11. Suppose -14 = s + 5*n, 4*s - n - 19 = 9. Let a be q(s). What is the highest common divisor of 190 and a?
19
Let z = -1 + 8. Let c = -5 + z. Suppose -2*x + x - 3*j = 4, x - c = -j. Calculate the greatest common divisor of 1 and x.
1
Suppose -18 = -22*r + 13*r. What is the greatest common divisor of r and 16?
2
Suppose -3*q + 204 = 54. What is the highest common factor of 125 and q?
25
Suppose -4*y - 2*i = -990, 5*y - 4*i + 394 = 1638. Suppose -5 = 2*f - 67. What is the highest common divisor of y and f?
31
Suppose -2*t + 12 = 4*w, -2*t - w - 2*w = -10. Suppose 2*f = t*i + 6, -4*f + 6 = 4*i - 22. What is the greatest common divisor of i and 1?
1
Let a be (5 - -1)*-3*-5. Let x(u) = -11*u**3 + 1 - 4*u**2 - 2*u**2 + 4*u**2 + 27*u**3. Let z be x(1). What is the highest common divisor of z and a?
15
Suppose 3*m - 2*m - 40 = 0. Let b = m - 22. Let g(n) = -145*n - 1. Let u be g(-1). What is the greatest common factor of b and u?
18
Suppose -2*a + s + 21 = -8, 3*a - 47 = -2*s. Let g = a - 5. Let x be 1 - 1 - (-1 - 9). Calculate the highest common divisor of g and x.
10
Suppose -3*r = -5*r + 20. Let u(k) = k**3 + 13*k**2 + 4*k + 14. Let j be u(-12). Calculate the highest common factor of j and r.
10
Let k = -10 + 12. Suppose k*a - 4 = -u, u - 3*a = -0*a - 1. Calculate the greatest common divisor of 14 and u.
2
Let y = -13 - -21. Suppose -w = -y - 5. What is the highest common divisor of 13 and w?
13
Suppose -3*r + 65 = -5*s, -3*s - 2 - 1 = 0. Let j be 2*(-14)/(-4) - 2. What is the highest common divisor of j and r?
5
Let m be 2 + (44 - 4) - 2. Let i = -24 - -34. What is the greatest common factor of i and m?
10
Suppose -133 = 3*r - 34. Let s = r - -61. What is the highest common divisor of 56 and s?
28
Let f = -77 + 131. Calculate the greatest common divisor of 36 and f.
18
Let v(f) = f + 29. Let g be v(-13). Calculate the highest common factor of 112 and g.
16
Suppose 4*i - 4*v - 100 = 0, 4*v - 50 = -3*i + 46. What is the highest common factor of 140 and i?
28
Let m be 3 - (1 + 0 - 0). Let s(t) = 7 + 2 + m*t**2 - 3*t**2. Let x be s(0). Calculate the greatest common divisor of x and 3.
3
Let g = -18 + 35. Let d = g - -31. Calculate the greatest common divisor of d and 12.
12
Suppose 5 = -y + 3*i, 4*y + y = 4*i - 3. Let w = 3 - 3. Suppose b + w = 2. What is the greatest common divisor of b and y?
1
Let z be ((-2)/(-4))/((-7)/(-28)). Let u = -5 + 5. Suppose -4*h = -0*q - q + 82, z*q - h - 178 = u. What is the highest common divisor of 10 and q?
10
Let q(a) = -4*a - 21. Let n be q(-6). Let m be 9 + ((-2)/2 - -1). Calculate the greatest common factor of m and n.
3
Let i = -8 + 15. Let t = i - 3. What is the greatest common divisor of 32 and t?
4
Let y be (-5)/20 - 17/(-4). Suppose 0 = 4*b + 4 + 4. Let z = b - -8. What is the highest common divisor of y and z?
2
Let v(t) = t - 1. Let x be v(-5). Let w(g) = g. Let d(j) = 2*j - 9. Let p(m) = x*w(m) + d(m). Let b be p(-7). Calculate the greatest common factor of 152 and b.
19
Let j(o) = -8*o - 23. Let m be j(-5). What is the greatest common divisor of m and 68?
17
Let p(i) = i**3 + i**2 + i + 319. Let a be p(0). What is the greatest common divisor of a and 29?
29
Suppose h + 10 = 127. Let f be 9 + 3 - (-2)/2. Calculate the greatest common factor of f and h.
13
Let k = -37 + 43. What is the highest common factor of k and 48?
6
Let d(r) = 7*r - 49. Let n be d(9). Calculate the greatest common divisor of n and 98.
14
Let b(t) = -t**3 + 11*t**2 - 8*t - 16. Let z be b(8). Let l(m) = 14*m**2 - 1 + 0 + 2 - m. Let o be l(1). What is the highest common divisor of o and z?
14
Suppose -i - 4 = -5*i. Calculate the highest common divisor of 9 and i.
1
Let d = 134 - -35. Suppose -469 = -5*q - d. Let r be ((-25 - -2) + -1)/(-1). Calculate the greatest common divisor of q and r.
12
Let s(l) = -l**3 - 7*l**2 - 8*l + 6. Suppose 3*x + 48 = q, 4*q - 57 = 6*x - 3*x. Let j = 9 + x. Let v be s(j). Calculate the highest common factor of v and 198.
18
Let a = 101 + -51. Suppose -q + 16 = -0*c - 3*c, -2*q = 5*c + 12. Suppose 3*g + 4*r - 30 = 2*g, 0 = -q*r + 20. Calculate the greatest common factor of g and a.
10
Let k(v) = v - 2. Let w be k(5). Let d = -11 - -33. Suppose -26 = -2*h - f, -4*f - d = -4*h + w*h. Calculate the highest common factor of 7 and h.
7
Suppose -41 = 4*r - 345. Let x = r - -1. Calculate the greatest common divisor of 7 and x.
7
Suppose 9 = -g + 4*g. Calculate the greatest common factor of 27 and g.
3
Suppose -2*v = -v + f, -4*v - 15 = -f. Let h(z) = 34*z - 4. Let a be h(v). Let o = a - -201. What is the greatest common factor of 19 and o?
19
Let c be (-27)/(-6)*224/6. Suppose -c = n - 5*n. What is the highest common divisor of n and 14?
14
Let g be -1 - -20 - 0/(-1). Suppose 591 = 4*k - 17. What is the highest common divisor of k and g?
19
Suppose -b - 1128 = -4*b. Calculate the greatest common divisor of 47 and b.
47
Let i(s) = 26*s - 7. Let n be i(4). Let d = n + -31. Suppose l - 2*l + 6 = 0. Calculate the greatest common factor of l and d.
6
Let n(o) = -54*o**2 - 3*o. Let y(c) = -18*c**2 - c. Let x(k) = 2*n(k) - 7*y(k). Let r be x(1). Calculate the greatest common divisor of r and 38.
19
Let v(p) = -5*p**3 - p**2 - p - 2. Let r be v(-2). Let t be r + -4 + 2/1. What is the greatest common factor of 85 and t?
17
Let q = -7 - -17. Let r = 7 + 13. Calculate the greatest common divisor of r and q.
10
Let y(m) = 4*m + 2. Let g be y(-4). Let l = -1 - g. Suppose 4*v - 101 = -l. What is the greatest common factor of v and 11?
11
Suppose -1 - 1 = -w, -3*r + 49 = 2*w. What is the highest common factor of 5 and r?
5
Suppose 3*f = -3*k + 26 + 4, 0 = -2*k + 3*f + 10. Suppose 6*h + 38 = k*h. Calculate the highest common factor of h and 171.
19
Let b be 1/2 + 33/6. Calculate the highest common factor of 4 and b.
2
Let h be (-36)/(-15) - 4/10. Suppose -h*u + 15 = 1. Calculate the highest common factor of 1 and u.
1
Let g = 32 - 22. Calculate the highest common divisor of 20 and g.
10
Suppose -r + 0*r - 2 = 0. Let d be r*2/6*-15. Suppose -2*l + 58 = 2*v, 0*v - v - 4*l = -26. What is the highest common factor of d and v?
10
Suppose 28 = 4*i - f, 0 = i + 2*i - 2*f - 16. What is the greatest common divisor of i and 12?
4
Suppose -m - 1 = 3. Let p be (-1)/2 - 46/m. Let w = 78 - 45. Calculate the highest common divisor of p and w.
11
Let a = -13 + 31. What is the greatest common factor of 2 and a?
2
Suppose 0 = 5*g + 5*x - 50, 5*g + 2*x - 7*x = 100. Let k be 81/g + (-2)/5. Suppose -k*n = -n - 8. What is the highest common divisor of 2 and n?
2
Let x = 0 - -2. Let a = -1 + x. Let j be (2/(-4))/(2/(-16)). Calculate the greatest common factor of a and j.
1
Suppose 7*h - 30 = 5*h. Calculate the highest common divisor of 10 and h.
5
Let r(t) = t + 28. Let c be r(7). Calculate the highest common factor of 21 and c.
7
Let u(h) = h**3 - 8*h**2 + 15*h + 10. Let a be u(7). What is the greatest common divisor of 22 and a?
22
Suppose 11